mon factor of f and 11?
1
Let m be (-5 + 35)*(-5)/3. Let u be (18/15)/((-2)/m). Calculate the greatest common factor of 15 and u.
15
Suppose 0 = 3*x + 16 - 115. Calculate the greatest common divisor of x and 3.
3
Let z(m) = -17*m**3 + 3*m**2 + 2*m + 1. Let k be z(-2). Suppose -4*p = -k - 47. Let d be (p/(-20))/((-2)/30). What is the greatest common divisor of d and 18?
18
Suppose 0 = 3*u - 7 + 1. What is the highest common divisor of 6 and u?
2
Suppose -o + 16 = o. What is the greatest common factor of o and 88?
8
Let w be (-1)/(-3)*-1*(-45 - 6). Calculate the highest common divisor of 119 and w.
17
Suppose 0 = -3*u - 11 + 14. Calculate the highest common factor of u and 8.
1
Suppose 2*h + 0*h - 30 = 0. Suppose 0 = 6*j - j - h. Calculate the greatest common divisor of j and 27.
3
Suppose -5*p - 10 = -0*p, 5*p - 245 = -3*m. What is the highest common factor of 17 and m?
17
Suppose 34 = 2*o - 64. What is the highest common divisor of o and 14?
7
Let i(v) = 4 - v + 1 - 4*v. Let k be i(-9). What is the greatest common factor of 25 and k?
25
Let b = -3 + 3. Suppose 2*s - 12 + 4 = 0. Suppose b*c = c - s. Calculate the greatest common factor of c and 32.
4
Let r(h) = -23*h - 11. Let s be r(-2). What is the greatest common factor of s and 140?
35
Let d(j) = -j + 17. Let y be d(13). Suppose -y*m = 3 - 11. What is the highest common divisor of m and 8?
2
Suppose -r + 2*o + 2*o + 24 = 0, 0 = 2*r - 5*o - 33. Suppose -3*c - 15 = -r*c. Let x be 14 + (0 - (0 - 1)). Calculate the highest common factor of x and c.
15
Let y be 9/6*2*3. Let t = 6 + -4. Suppose -33 = -t*j + 39. What is the greatest common factor of y and j?
9
Suppose 5*v = -3*i + 1, 0*v = 3*i - 4*v - 10. What is the greatest common divisor of i and 4?
2
Suppose 18 = 4*v - 3*i, -3*v + 22 = i + i. Let u = 21 - v. Suppose -3*q - q + 24 = 0. Calculate the greatest common divisor of q and u.
3
Suppose 5*k - 11 = -2*v, 10 = 5*v - 8*k + 3*k. Suppose -2*g - 16 = -v*g. What is the greatest common divisor of 40 and g?
8
Let u(c) = 5*c**2 + 5*c - 5. Let q be u(4). Calculate the highest common divisor of 19 and q.
19
Let c = -60 + 150. Calculate the highest common divisor of 10 and c.
10
Let t be 2/4*-4 + 35. What is the highest common factor of 22 and t?
11
Let g be (-3)/5 - (-48)/5. Suppose 3*q - 18 = 5*c, -3*q - 4 + 1 = 2*c. What is the greatest common factor of q and g?
1
Let p(n) = 26*n**3 - 2*n**2 - n + 2. Let j be p(1). What is the highest common factor of j and 10?
5
Suppose 4*h + 4 = -4*b, 0*h + 5*b - 43 = 3*h. Let r = 9 + h. Suppose -3*z + 93 + 0 = r*f, 2*f - 63 = -3*z. What is the greatest common factor of f and 12?
6
Suppose 0 = 22*c - 20*c - 4. Suppose -5*x = -q + 69, 3*q + 2*x + c*x = 131. What is the greatest common divisor of 7 and q?
7
Let t(n) = -n**2 + n + 49. Let f be t(0). Let l be 4*(f/4)/1. Suppose -3*d + 2 = -l. What is the highest common factor of 119 and d?
17
Let d be (4*-3)/(0 + -1). Suppose 0 = 4*g - 3*g - d. Suppose 18 = 2*f - g. What is the highest common divisor of f and 30?
15
Suppose -168 = -5*d + 457. Calculate the greatest common divisor of d and 25.
25
Let g = -20 - -26. What is the greatest common factor of g and 90?
6
Suppose x + 15 = 2*x. Calculate the greatest common factor of 15 and x.
15
Suppose 0*s = 3*q - 2*s - 34, -4*s = 4*q - 12. Calculate the greatest common factor of q and 32.
8
Let b = 107 - 34. Let n = b + -103. Let m be 2*(-5)/(n/9). Calculate the highest common factor of m and 27.
3
Let l = -3 - -2. Let f be (-10)/(-4)*6 + l. Let r = 24 - f. What is the greatest common factor of 80 and r?
10
Let n(c) = -2*c + 1. Let v be n(-12). Calculate the greatest common divisor of 5 and v.
5
Let p = 108 + -21. What is the greatest common factor of 29 and p?
29
Let f(a) = a**2 + 3*a + 2. Let k be f(-5). Let x be (7 + 2/2)*1. Suppose 4*c + 7 = 5*s - 29, -5*s - 3*c = -x. Calculate the greatest common divisor of s and k.
4
Let m(b) be the third derivative of -b**2 + 5/3*b**3 + 0*b - 1/24*b**4 + 0. Let d be m(0). What is the greatest common factor of 40 and d?
10
Suppose 0 = 5*q - 70 - 10. What is the greatest common factor of 8 and q?
8
Suppose -4*f - f + 100 = 0. Suppose 4*s - f = -s. Calculate the greatest common factor of 32 and s.
4
Let x(p) = 10*p**3 + p**2 - p. Let w be x(1). Suppose -2 = 4*q + 2, -i - 2*q = -w. Calculate the greatest common factor of 60 and i.
12
Let s(z) = 2*z - 18. Let l be s(12). Calculate the highest common divisor of 54 and l.
6
Let u be (-1792)/(-126) - (8/18)/2. What is the greatest common factor of u and 154?
14
Suppose 0 = -2*s + 4*s - 8. Let m be ((-22)/s)/((-4)/8). What is the greatest common divisor of m and 22?
11
Let f(q) = -q**3 + 2*q**2 + 4*q - 3. Let l be f(3). Suppose l*w + 4 = 2*w. What is the greatest common factor of 1 and w?
1
Suppose 0 = -2*p + 21 + 1. Let c(i) = i**3 - 12*i**2 + 11*i + 5. Let v be c(p). What is the highest common factor of v and 35?
5
Suppose 2*x - 5*l - 44 = -l, 0 = x + 4*l + 2. What is the greatest common divisor of 14 and x?
14
Let w(m) = 6*m + 2*m - 10 - 3*m. Let n be w(8). What is the highest common divisor of 15 and n?
15
Suppose -3*q = g - 55, 1 = 4*g - 3. Let u be 84*3/q*4. Suppose -4*t = 6 - 34. Calculate the greatest common divisor of t and u.
7
Let s = -175 + 23. Let z = s - -278. Calculate the highest common factor of z and 18.
18
Let v(k) = -23*k - 4. Let c be v(-3). Suppose 5*a = 10*a + 160. Let f be (13/(-2))/(16/a). Calculate the highest common factor of f and c.
13
Let z be 10/(-45) + 176/(-18). Suppose -3*x = 2*x - 25. Let o be (4/x)/((-1)/z). What is the greatest common divisor of o and 40?
8
Suppose -2*s - 12 = -3*s + 4*g, 4*g = 4*s - 24. Suppose 2*x = 2*h - s*h + 2, 2*h = -x + 1. What is the greatest common factor of 3 and x?
1
Let q(p) = p**3 + 7*p**2 + 3*p + 4. Let a be q(-6). Calculate the greatest common divisor of 55 and a.
11
Let l be (-698)/(-10) - (5 + (-104)/20). Calculate the greatest common divisor of 350 and l.
70
Let l(x) = 43*x**3 + x**2 - x + 1. Suppose 0 = -2*m - m + 5*n - 2, -5*m + 7 = 2*n. Let c be l(m). What is the highest common divisor of c and 4?
4
Let g = -3 + 5. Suppose g*y - 25 = y. What is the highest common divisor of 10 and y?
5
Let t = -108 + -73. Let s = t - -316. What is the greatest common divisor of s and 15?
15
Let v = -11 + 5. Let l(r) = -r + 2. Let h be l(v). Calculate the greatest common divisor of 12 and h.
4
Let b = -9 - -57. Calculate the greatest common factor of b and 80.
16
Let v be 3/9*0 + 2. Suppose 0 = -s + 1 + v. Calculate the greatest common divisor of 9 and s.
3
Let c(l) = -l**2 + 9*l - 6. Let m be c(8). Suppose -s = f - 87 - 138, -f + 210 = -m*s. Suppose f = 3*i + 2*i. Calculate the highest common divisor of i and 4.
4
Let w(u) = 48*u**3 + u**2 - 2*u + 1. Let f be w(1). Suppose -6*l + 17 + 79 = 0. Calculate the highest common factor of f and l.
16
Suppose -4*w + 441 = 21. Calculate the greatest common factor of w and 7.
7
Let p be (7*-18)/2 - 0. Let j = 118 + p. Calculate the highest common factor of 5 and j.
5
Let x be 14/2 + 0/(-3). Let n = x - -29. Calculate the greatest common divisor of 54 and n.
18
Let i = -7 + 63. Calculate the highest common divisor of 8 and i.
8
Let c = -153 - -91. Let d = 220 - 106. Let k = c + d. What is the greatest common divisor of k and 13?
13
Suppose -2*q = 2*i + q - 18, 0 = 3*i + 2*q - 27. What is the greatest common divisor of i and 72?
9
Suppose -5 = o, g + 0*o - o = 5. Suppose p - 1 - 20 = g. What is the highest common divisor of 147 and p?
21
Suppose 38 - 16 = 2*h. What is the greatest common factor of 165 and h?
11
Let i be ((-186)/(-8))/(141/940). Calculate the highest common divisor of i and 31.
31
Suppose 0 = -3*j + 3*y + 648, 3*j - 5*y = -389 + 1029. Let h be j/30 - 4/3. Calculate the greatest common divisor of h and 9.
3
Let o = 5 - 3. Suppose 2*f = -o*f. Let w(d) = d + 18. Let y be w(f). What is the greatest common divisor of 18 and y?
18
Let o be 3 - (4 - 2)/(-2). Let q be o/(8/(-6) - -2). Let v(c) = -c**2 - c + 6. Let d be v(0). Calculate the highest common divisor of d and q.
6
Let z = 0 - -2. Suppose 3*n - z = 4. Suppose -37 = -2*k + 3*b, k - 2*k = 4*b - n. Calculate the highest common divisor of k and 112.
14
Suppose 3*p - 36 = 4*u, 5*u = -4*p + p + 9. Let v be ((-2)/(-5))/(10/(-50)).